{"id":55,"date":"2023-09-06T07:48:43","date_gmt":"2023-09-06T07:48:43","guid":{"rendered":"https:\/\/kmg.ee\/katenditood-uus?page_id=55"},"modified":"2025-05-07T08:39:13","modified_gmt":"2025-05-07T08:39:13","slug":"meist","status":"publish","type":"page","link":"https:\/\/kmg.ee\/katenditood\/meist\/","title":{"rendered":"Meist"},"content":{"rendered":"<div class=\"ama-block block-txtmedia has-text-align-left reverse-order\"><div class=\"block-txtmedia__content\" data-animate=\"T_FADE_LEFT\"><div class=\"acf-innerblocks-container\">\n\n<h2 class=\"wp-block-heading wp-el\">KMG O\u00dc on \u00fcks juhtivatest teedeehituse ettev\u00f5tetest, kellel on t\u00e4naseks enam kui 30-aastane t\u00f6\u00f6kogemus.<\/h2>\n\n\n\n<p class=\"wp-el\">Teostame asfalteerimist\u00f6id, omame asfalditehaseid Eesti erinevates piirkondades ning lisaks on ettev\u00f5ttel mitmeid karj\u00e4\u00e4re.  <\/p>\n\n\n\n<div class=\"wp-block-button is-style-readmore\"><a class=\"wp-block-button__link wp-element-button\" href=\"https:\/\/kmg.ee\/katenditood\/kontakt\/\">Loe rohkem<\/a><\/div>\n\n<\/div><\/div><div class=\"block-txtmedia__media\" data-animate=\"T_FADE_RIGHT\"><div class=\"splide\" data-splide={\"type\":\"fade\",\"pagination\":false}><div class=\"splide__track\"><ul class=\"splide__list\"><li class=\"splide__slide\"><a href=\"https:\/\/kmg.ee\/katenditood\/wp-content\/uploads\/2023\/09\/DJI_0062-20-1200x825.jpg\" data-fancybox=\"txtmedia-block_681b1c30afbb9\"><img decoding=\"async\" width=\"570\" height=\"380\" src=\"https:\/\/kmg.ee\/katenditood\/wp-content\/uploads\/2023\/09\/DJI_0062-20-570x380.jpg\" class=\"attachment-img-570x380 size-img-570x380\" alt=\"teedeehitus\" srcset=\"https:\/\/kmg.ee\/katenditood\/wp-content\/uploads\/2023\/09\/DJI_0062-20-570x380.jpg 570w, https:\/\/kmg.ee\/katenditood\/wp-content\/uploads\/2023\/09\/DJI_0062-20-270x180.jpg 270w\" sizes=\"(max-width: 570px) 100vw, 570px\" \/><\/a><\/li><\/ul><\/div><div class=\"splide__arrows hide-arrows\"><button class=\"splide__arrow splide__arrow--prev\"><svg xmlns=\"http:\/\/www.w3.org\/2000\/svg\" width=\"20\" height=\"16\" viewBox=\"0 0 20 16\"><path d=\"M8269.068-578.337a1.118,1.118,0,0,0,0-1.614l-5.052-4.906h14.808A1.159,1.159,0,0,0,8280-586a1.161,1.161,0,0,0-1.176-1.142h-14.8l5.048-4.9a1.123,1.123,0,0,0,0-1.618,1.2,1.2,0,0,0-1.663,0l-7.061,6.859A1.122,1.122,0,0,0,8260-586a1.119,1.119,0,0,0,.345.807l7.061,6.856a1.185,1.185,0,0,0,.834.337A1.185,1.185,0,0,0,8269.068-578.337Z\" transform=\"translate(-8260 594)\" fill=\"currentColor\"\/><\/svg><\/button><button class=\"splide__arrow splide__arrow--next\"><svg xmlns=\"http:\/\/www.w3.org\/2000\/svg\" width=\"20\" height=\"16\" viewBox=\"0 0 20 16\"><path d=\"M8270.932-578.337a1.118,1.118,0,0,1,0-1.614l5.052-4.906h-14.808A1.159,1.159,0,0,1,8260-586a1.161,1.161,0,0,1,1.176-1.142h14.8l-5.048-4.9a1.123,1.123,0,0,1,0-1.618,1.2,1.2,0,0,1,1.663,0l7.061,6.859A1.122,1.122,0,0,1,8280-586a1.119,1.119,0,0,1-.345.807l-7.061,6.856a1.185,1.185,0,0,1-.834.337A1.185,1.185,0,0,1,8270.932-578.337Z\" transform=\"translate(-8260 594)\" fill=\"currentColor\"\/><\/svg><\/button><\/div><\/div><\/div><\/div>\n\n<div class=\"ama-block block-txtmedia has-text-align-left\"><div class=\"block-txtmedia__content\" data-animate=\"T_FADE_RIGHT\"><div class=\"acf-innerblocks-container\">\n\n<h2 class=\"wp-block-heading wp-el\">Visioon<\/h2>\n\n\n\n<p class=\"wp-el\">Meie visiooniks on olla teerajajaks taristuehituse kaasaegsete ja tulevikulahenduste teostamisel. Meie soov on viia Eesti infrastruktuuri edasi.<\/p>\n\n\n\n<h2 class=\"wp-block-heading wp-el\">Missioon<\/h2>\n\n\n\n<p class=\"wp-el\">Soovime olla teerajajaks teedeehituse innovaatiliste tulevikulahenduste loomisel. Seejuures p\u00f6\u00f6rab ettev\u00f5tte juhatus olulist t\u00e4helepanu t\u00f6\u00f6tajatele kaasaegse t\u00f6\u00f6keskkonna loomisele ja t\u00f6\u00f6tajate koolitusele.<br>\u00dcks eesm\u00e4rkidest on t\u00f6\u00f6tajate heaolu loomine l\u00e4bi kaasaegse ning riskemaandava t\u00f6\u00f6keskkonna.<\/p>\n\n\n\n<h2 class=\"wp-block-heading wp-el\">Juhtp\u00f5him\u00f5tted<\/h2>\n\n\n\n<p class=\"wp-el\">Juhtides oma tegevusi vastavuses kehtivate seaduste ja heade tavadega.<\/p>\n\n\n\n<p class=\"wp-el\">Hoides \u00e4ra saastamist ning minimaliseerides keskkonnakahju riske.<\/p>\n\n\n\n<p class=\"wp-el\">V\u00e4hendades j\u00e4\u00e4tmeteket ning maksimeerides materjalide taaskasutust nii kontoris kui ka taristu ehitamisel.<\/p>\n\n\n\n<p class=\"wp-el\">T\u00e4ites kliendi soove, tagades seejuures teenuste k\u00f5rge kvaliteedi.<\/p>\n\n\n\n<p class=\"wp-el\">Kasutades taristu rajamisel kaasaegseid tehnoloogiaid, keskkonnas\u00e4\u00e4stlikke ehitusmaterjale, purustatud asfaltbetooni taaskasutades ning soovitades neid lahendusi ka meie klientidele ning koost\u00f6\u00f6partneritele.<\/p>\n\n<\/div><\/div><div class=\"block-txtmedia__media\" data-animate=\"T_FADE_LEFT\"><div class=\"splide\" data-splide={\"type\":\"fade\",\"pagination\":false}><div class=\"splide__track\"><ul class=\"splide__list\"><li class=\"splide__slide\"><a href=\"https:\/\/kmg.ee\/katenditood\/wp-content\/uploads\/2023\/09\/DJI_0092-34-1200x825.jpg\" data-fancybox=\"txtmedia-block_681b1c30afbe4\"><img decoding=\"async\" width=\"570\" height=\"380\" src=\"https:\/\/kmg.ee\/katenditood\/wp-content\/uploads\/2023\/09\/DJI_0092-34-570x380.jpg\" class=\"attachment-img-570x380 size-img-570x380\" alt=\"KMG O\u00dc\" srcset=\"https:\/\/kmg.ee\/katenditood\/wp-content\/uploads\/2023\/09\/DJI_0092-34-570x380.jpg 570w, https:\/\/kmg.ee\/katenditood\/wp-content\/uploads\/2023\/09\/DJI_0092-34-270x180.jpg 270w\" sizes=\"(max-width: 570px) 100vw, 570px\" \/><\/a><\/li><\/ul><\/div><div class=\"splide__arrows hide-arrows\"><button class=\"splide__arrow splide__arrow--prev\"><svg xmlns=\"http:\/\/www.w3.org\/2000\/svg\" width=\"20\" height=\"16\" viewBox=\"0 0 20 16\"><path d=\"M8269.068-578.337a1.118,1.118,0,0,0,0-1.614l-5.052-4.906h14.808A1.159,1.159,0,0,0,8280-586a1.161,1.161,0,0,0-1.176-1.142h-14.8l5.048-4.9a1.123,1.123,0,0,0,0-1.618,1.2,1.2,0,0,0-1.663,0l-7.061,6.859A1.122,1.122,0,0,0,8260-586a1.119,1.119,0,0,0,.345.807l7.061,6.856a1.185,1.185,0,0,0,.834.337A1.185,1.185,0,0,0,8269.068-578.337Z\" transform=\"translate(-8260 594)\" fill=\"currentColor\"\/><\/svg><\/button><button class=\"splide__arrow splide__arrow--next\"><svg xmlns=\"http:\/\/www.w3.org\/2000\/svg\" width=\"20\" height=\"16\" viewBox=\"0 0 20 16\"><path d=\"M8270.932-578.337a1.118,1.118,0,0,1,0-1.614l5.052-4.906h-14.808A1.159,1.159,0,0,1,8260-586a1.161,1.161,0,0,1,1.176-1.142h14.8l-5.048-4.9a1.123,1.123,0,0,1,0-1.618,1.2,1.2,0,0,1,1.663,0l7.061,6.859A1.122,1.122,0,0,1,8280-586a1.119,1.119,0,0,1-.345.807l-7.061,6.856a1.185,1.185,0,0,1-.834.337A1.185,1.185,0,0,1,8270.932-578.337Z\" transform=\"translate(-8260 594)\" fill=\"currentColor\"\/><\/svg><\/button><\/div><\/div><\/div><\/div>\n\n\n<h2 class=\"wp-block-heading wp-el\">KMG O\u00dc on sertifitseeritud j\u00e4rgmiste standardite j\u00e4rgi:<\/h2>\n\n\n\n<ul class=\"wp-block-list wp-el\">\n<li><strong><a href=\"https:\/\/kmg.ee\/katenditood\/wp-content\/uploads\/2025\/05\/ISO-9001-C591845-0-et-EE-20230529-20230529141310-1.pdf\" target=\"_blank\" rel=\"noreferrer noopener\">ISO 9001:2015<\/a><\/strong><\/li>\n\n\n\n<li><strong><a href=\"https:\/\/kmg.ee\/katenditood\/wp-content\/uploads\/2025\/04\/ISO-14001-C595100-0-et-EE-20230529-20230529141530-1.pdf\" target=\"_blank\" rel=\"noreferrer noopener\">ISO 14001:2015<\/a><\/strong><\/li>\n<\/ul>\n","protected":false},"excerpt":{"rendered":"<p>KMG O\u00dc on sertifitseeritud j\u00e4rgmiste standardite j\u00e4rgi:<\/p>\n","protected":false},"author":1,"featured_media":0,"parent":0,"menu_order":30,"comment_status":"closed","ping_status":"closed","template":"","meta":{"_acf_changed":false,"inline_featured_image":false,"footnotes":""},"class_list":["post-55","page","type-page","status-publish","hentry"],"acf":[],"_links":{"self":[{"href":"https:\/\/kmg.ee\/katenditood\/wp-json\/wp\/v2\/pages\/55","targetHints":{"allow":["GET"]}}],"collection":[{"href":"https:\/\/kmg.ee\/katenditood\/wp-json\/wp\/v2\/pages"}],"about":[{"href":"https:\/\/kmg.ee\/katenditood\/wp-json\/wp\/v2\/types\/page"}],"author":[{"embeddable":true,"href":"https:\/\/kmg.ee\/katenditood\/wp-json\/wp\/v2\/users\/1"}],"replies":[{"embeddable":true,"href":"https:\/\/kmg.ee\/katenditood\/wp-json\/wp\/v2\/comments?post=55"}],"version-history":[{"count":12,"href":"https:\/\/kmg.ee\/katenditood\/wp-json\/wp\/v2\/pages\/55\/revisions"}],"predecessor-version":[{"id":748,"href":"https:\/\/kmg.ee\/katenditood\/wp-json\/wp\/v2\/pages\/55\/revisions\/748"}],"wp:attachment":[{"href":"https:\/\/kmg.ee\/katenditood\/wp-json\/wp\/v2\/media?parent=55"}],"curies":[{"name":"wp","href":"https:\/\/api.w.org\/{rel}","templated":true}]}}